{"id":2491,"date":"2021-11-10T01:47:38","date_gmt":"2021-11-10T01:47:38","guid":{"rendered":"http:\/\/relojesantiguos.cl\/?post_type=product&#038;p=2491"},"modified":"2024-01-09T00:57:53","modified_gmt":"2024-01-09T00:57:53","slug":"kasper-aleman-automatico","status":"publish","type":"product","link":"https:\/\/relojesantiguos.cl\/?product=kasper-aleman-automatico","title":{"rendered":"Kasper Alem\u00e1n Autom\u00e1tico (VENDIDO)"},"content":{"rendered":"<ul>\n<li>Marca: Kasper<\/li>\n<li>Modelo: UFO<\/li>\n<li>A\u00f1o: 1970 Aprox.<\/li>\n<li>Funciones: D\u00eda Mes, D\u00eda Semana (En Alem\u00e1n)<\/li>\n<li>Movimiento: Mec\u00e1nico (Autom\u00e1tico)<\/li>\n<li>Dial: Original Color Perla<\/li>\n<li>Di\u00e1metro Caja: 38 mm. (s\/incl. corona) x 38 mm.<\/li>\n<li>Caja: Acero Inoxidable<\/li>\n<li>Correa: Met\u00e1lica Elasticada No Original<\/li>\n<li>Original Funcionando, Excelente Condici\u00f3n<\/li>\n<\/ul>\n","protected":false},"excerpt":{"rendered":"<ul>\n<li>Marca: Kasper<\/li>\n<li>Modelo: UFO<\/li>\n<li>A\u00f1o: 1970 Aprox.<\/li>\n<li>Funciones: D\u00eda Mes, D\u00eda Semana (En Alem\u00e1n)<\/li>\n<li>Movimiento: Mec\u00e1nico (Autom\u00e1tico)<\/li>\n<li>Dial: Original Color Perla<\/li>\n<li>Di\u00e1metro Caja: 38 mm. (s\/incl. corona) x 38 mm.<\/li>\n<li>Caja: Acero Inoxidable<\/li>\n<li>Correa: Met\u00e1lica Elasticada No Original<\/li>\n<li>Original Funcionando, Excelente Condici\u00f3n<\/li>\n<\/ul>\n","protected":false},"featured_media":2496,"comment_status":"open","ping_status":"closed","template":"","meta":[],"_links":{"self":[{"href":"https:\/\/relojesantiguos.cl\/index.php?rest_route=\/wp\/v2\/product\/2491"}],"collection":[{"href":"https:\/\/relojesantiguos.cl\/index.php?rest_route=\/wp\/v2\/product"}],"about":[{"href":"https:\/\/relojesantiguos.cl\/index.php?rest_route=\/wp\/v2\/types\/product"}],"replies":[{"embeddable":true,"href":"https:\/\/relojesantiguos.cl\/index.php?rest_route=%2Fwp%2Fv2%2Fcomments&post=2491"}],"version-history":[{"count":2,"href":"https:\/\/relojesantiguos.cl\/index.php?rest_route=\/wp\/v2\/product\/2491\/revisions"}],"predecessor-version":[{"id":2741,"href":"https:\/\/relojesantiguos.cl\/index.php?rest_route=\/wp\/v2\/product\/2491\/revisions\/2741"}],"wp:featuredmedia":[{"embeddable":true,"href":"https:\/\/relojesantiguos.cl\/index.php?rest_route=\/wp\/v2\/media\/2496"}],"wp:attachment":[{"href":"https:\/\/relojesantiguos.cl\/index.php?rest_route=%2Fwp%2Fv2%2Fmedia&parent=2491"}],"curies":[{"name":"wp","href":"https:\/\/api.w.org\/{rel}","templated":true}]}}